
In base 10, what is 2 + -120?
-118
In base 10, what is -1 + -4534?
-4535
In base 3, what is 20021 - 12?
20002
In base 2, what is 11 - 11100111?
-11100100
In base 6, what is -3313 - 5?
-3322
In base 3, what is 2 - 100011?
-100002
In base 11, what is 3 - -486?
489
In base 10, what is 10 + 1746?
1756
In base 2, what is 101 + -1001001110?
-1001001001
In base 16, what is -45 - -2?
-43
In base 2, what is -10000 - -1001011101?
1001001101
In base 7, what is 1054 + 0?
1054
In base 15, what is -5 - 65?
-6a
In base 16, what is -1fa + 4?
-1f6
In base 8, what is 4 + -3271?
-3265
In base 16, what is -2 + 13d?
13b
In base 14, what is 2 + 49?
4b
In base 5, what is 1 - 13010?
-13004
In base 12, what is -2 - 13?
-15
In base 3, what is -21211 + 1?
-21210
In base 6, what is 4 - 13553?
-13545
In base 10, what is 3 + -51?
-48
In base 14, what is d9 + -5?
d4
In base 7, what is 4 + -25?
-21
In base 8, what is 1054 - -2?
1056
In base 11, what is -a8 - 5?
-102
In base 12, what is 1b9 + -2?
1b7
In base 11, what is 19 - 2?
17
In base 10, what is 4 - 16?
-12
In base 4, what is -2 - -1102102?
1102100
In base 6, what is 1052 - 41?
1011
In base 6, what is 2 + 202?
204
In base 11, what is 1 - -1609?
160a
In base 9, what is -2133 - -5?
-2127
In base 11, what is -545 + -4?
-549
In base 3, what is -201121 + -20?
-201211
In base 9, what is 5 - -283?
288
In base 3, what is 20002201 - 2?
20002122
In base 13, what is 3 - -3c5?
3c8
In base 2, what is -111100110 - 10101?
-111111011
In base 4, what is 1301133 - 1?
1301132
In base 7, what is -13422 - 12?
-13434
In base 4, what is -2321 - -12?
-2303
In base 10, what is 10 - 19?
-9
In base 14, what is 50 - 1?
4d
In base 14, what is 4732 - 1?
4731
In base 15, what is 56 - 1?
55
In base 5, what is -2222 - 0?
-2222
In base 15, what is -4 + 87?
83
In base 11, what is 50 - -212?
262
In base 6, what is -1 - 1?
-2
In base 6, what is 31015 - 1?
31014
In base 2, what is -111011100 + -1100?
-111101000
In base 9, what is 11138 - -1?
11140
In base 10, what is 0 - -136?
136
In base 6, what is 53 + -45?
4
In base 4, what is 3301 + -302?
2333
In base 5, what is 223021 + 3?
223024
In base 5, what is 4 - -121?
130
In base 9, what is -2 - -25?
23
In base 2, what is -1010 - -100?
-110
In base 10, what is -15 - -15?
0
In base 8, what is 2511 - 3?
2506
In base 9, what is 0 - -1727?
1727
In base 11, what is -17 - 40?
-57
In base 6, what is 24403 + -1?
24402
In base 15, what is 1 + a2?
a3
In base 3, what is -202220 - 2?
-202222
In base 7, what is -2611 - -1?
-2610
In base 5, what is 1 - -143?
144
In base 9, what is -8153 + 2?
-8151
In base 3, what is -1110 + 2?
-1101
In base 8, what is 106 - -5?
113
In base 9, what is 77 - -5?
83
In base 12, what is -22 + -75?
-97
In base 14, what is 16 - 0?
16
In base 8, what is -10 - 41?
-51
In base 16, what is 0 + 28c?
28c
In base 7, what is -1143 + 2?
-1141
In base 9, what is 4 - -21?
25
In base 4, what is 12300 - -203?
13103
In base 15, what is 4 - -90?
94
In base 14, what is 27 + 5?
2c
In base 9, what is -7 + 8?
1
In base 16, what is 6 - b20?
-b1a
In base 2, what is -1011101 + -101?
-1100010
In base 8, what is -23 - 4?
-27
In base 13, what is 3b7 + 3?
3ba
In base 6, what is 32 + 1?
33
In base 11, what is -184 - 2?
-186
In base 6, what is 3051 + 2?
3053
In base 11, what is -170 + a?
-161
In base 13, what is 15 - -8?
20
In base 16, what is -20 + 6f?
4f
In base 9, what is -131 + 20?
-111
In base 5, what is 222410 - -3?
222413
In base 16, what is -5 + 8f?
8a
In base 15, what is -133c - 0?
-133c
In base 4, what is 2210 - 11?
2133
In base 10, what is 15 - 66?
-51
In base 6, what is 5 - 1132?
-1123
In base 9, what is 6 - 33?
-26
In base 13, what is 9c + 2?
a1
In base 15, what is -2 + 27c?
27a
In base 7, what is 160 + -2?
155
In base 5, what is -4 - -302?
243
In base 12, what is 451 - 2a?
423
In base 4, what is 11 + -233?
-222
In base 9, what is -515 + -3?
-518
In base 2, what is -110001 - -11?
-101110
In base 12, what is 17 + -16?
1
In base 9, what is -5 + -67?
-73
In base 6, what is -452 + 2?
-450
In base 16, what is 88 + -1?
87
In base 3, what is -12 + -20200?
-20212
In base 15, what is -2a + -8d?
-b8
In base 16, what is 1a9 + 2c?
1d5
In base 5, what is 3 + -400?
-342
In base 2, what is 10 + 11011001100?
11011001110
In base 5, what is -1 - -30?
24
In base 9, what is -64672 - 5?
-64677
In base 10, what is -17 - -521?
504
In base 15, what is 1 - 1?
0
In base 11, what is -3 - -3?
0
In base 12, what is 371 - -1?
372
In base 5, what is -10 + 12131?
12121
In base 3, what is 21001111 - -11?
21001122
In base 13, what is -130 + -4?
-134
In base 14, what is -1 - 7?
-8
In base 10, what is 2295 - -2?
2297
In base 6, what is -5 + 513?
504
In base 5, what is -31 + 22422?
22341
In base 15, what is 7 - -71?
78
In base 11, what is -5 - -42?
38
In base 3, what is -10 + 12?
2
In base 9, what is 4475 - 4?
4471
In base 4, what is 2203 + -100?
2103
In base 5, what is 12210 - -11?
12221
In base 12, what is 79 + -34?
45
In base 3, what is -200 - 101?
-1001
In base 12, what is -2a + 10?
-1a
In base 8, what is 0 - -14125?
14125
In base 16, what is 0 - b69?
-b69
In base 5, what is -10 - 440?
-1000
In base 7, what is -52 - -143?
61
In base 4, what is 2011 - -2?
2013
In base 11, what is 5 - -78?
82
In base 16, what is -2d9 - 2?
-2db
In base 15, what is 23d - 5?
238
In base 4, what is -3103 - 21?
-3130
In base 11, what is 316 - -4?
31a
In base 8, what is -17 + -727?
-746
In base 3, what is -211 + 100011?
22100
In base 7, what is -6 + -3340?
-3346
In base 5, what is 1 - -1041?
1042
In base 12, what is 162 - 0?
162
In base 15, what is -11 + -53?
-64
In base 8, what is -4 - -5?
1
In base 11, what is 54 + 84?
128
In base 14, what is -2 - 265?
-267
In base 4, what is -103211 - -10?
-103201
In base 12, what is -16b + 3?
-168
In base 2, what is -1001101111011 + 10?
-1001101111001
In base 13, what is -461 - 5?
-466
In base 11, what is -343 + -1?
-344
In base 5, what is -13242 + 2?
-13240
In base 6, what is -20130 - 2?
-20132
In base 10, what is 32 - -3?
35
In base 5, what is -3120 + 4?
-3111
In base 15, what is a - -14?
1e
In base 11, what is -206 + -5?
-210
In base 16, what is -7 - -712?
70b
In base 12, what is -b + -238?
-247
In base 2, what is -110000 + -1100000?
-10010000
In base 16, what is -1 + 0?
-1
In base 3, what is 1121 - 102?
1012
In base 11, what is 11 - 5?
7
In base 9, what is -12 - 1?
-13
In base 6, what is 14 + 22?
40
In base 9, what is 66 - -3?
70
In base 10, what is 55 - 2?
53
In base 8, what is -43151 - -3?
-43146
In base 13, what is 0 - 51?
-51
In base 4, what is 10 - 22?
-12
In base 8, what is 2 + -637?
-635
In base 7, what is 211 - 2?
206
In base 2, what is -110111 + 10?
-110101
In base 12, what is 2 + 7?
9
In base 15, what is -1341 + 0?
-1341
In base 7, what is -3 - 50?
-53
In base 14, what is 2d3 + -6?
2cb
In base 4, what is -2 + -10310?
-10312
In base 13, what is 1 + 61?
62
In base 12, what is 0 - 646?
-646
In base 14, what is 6 + -605?
-5dd
In base 7, what is 12 + 134?
146
In base 16, what is -5 - -7d?
78
In base 14, what is 9 + 15?
20
In base 3, what is 2 + -21022?
-21020
In base 2, what is 11101 - -10010?
101111
In base 4, what is -202 - 1013?
-1221
In base 16, what is 118 + -4a?
ce
In base 13, what is 8 - -145?
150
In base 12, what is 10 - 168?
-158
In base 12, what is 3 + 881?
884
In base 10, what is -5 + 1829?
1824
In base 2, what is -1000 - 10011010001?
-10011011001
In base 11, what is 1 - 529?
-528
In base 3, what is -1 - 2102?
-2110
In base 9, what is 42 - -26?
68
In base 3, what is -102 - -100?
-2
In base 2, what is 10101110 + 0?
10101110
In base 14, what is -2 - 1c?
-20
In base 16, what is -2 + -32b?
-32d
In base 14, what is 4 + 778?
77c
In base 4, what is -30103 - -1?
-30102
In base 12, what is 2 - 13?
-11
In base 4, what is 123222 - 11?
123211
In base 5, what is 2 - -20?
22
In base 7, what is 36 + -4?
32
In base 8, what is 42 - -215?
257
In base 2, what is 101111011010 + -1?
101111011001
In base 10, what is 2 - -17?
19
In base 4, what is -110 - 21?
-131
In base 11, what is -3188 - 1?
-3189
In base 16, what is -5 + 62c?
627
In base 4, what is 320 - 1?
313
In base 11, what is 5 + -41?
-37
In base 12, what is 34 - -3?
37
In base 2, what is -1011000 + -111?
-1011111
In base 5, what is 13420 - -3?
13423
In base 6, what is 131 